culate the greatest common factor of 15 and w.
15
Suppose -4*k + 1090 = 5*c - 327, 4*c - 5*k - 1150 = 0. Let b = 2 + 13. Calculate the highest common divisor of b and c.
15
Let t(w) = -2*w**3 + 2 + w + w**2 + 1 + 0*w. Let f be t(-3). Suppose 0*k = 2*k - 14. Calculate the greatest common divisor of k and f.
7
Suppose -4*o = -5*x - 4454, -o + 755 + 353 = -4*x. What is the greatest common divisor of o and 36?
36
Let o(w) = w**2 - 9*w + 16. Let h be o(6). Let g be 1*-3 - (-150)/((-10)/h). What is the highest common divisor of g and 135?
27
Suppose 2 = -5*f + 2*c, -f + 3*c - 3 = -0. Suppose -7*v - 1 + 8 = f. Calculate the highest common divisor of v and 8.
1
Let g = -11 - -4. Let v be ((g - -11)/(-8))/((-2)/52). Calculate the highest common divisor of 104 and v.
13
Let o(j) = j - 3. Let x be o(7). Suppose -2*r = h - 21, -5*h + 57 - 2 = 5*r. Calculate the greatest common factor of r and x.
2
Let l = 28 - 30. Let z(a) = 3*a**2 - 1. Let f be z(l). Calculate the highest common divisor of 121 and f.
11
Suppose 2*o = -4*h + 2*h + 342, 0 = -o - 4*h + 159. Calculate the greatest common divisor of o and 20.
5
Let z(y) = y**3 - 15*y**2 + 6*y + 20. Let t be z(15). Calculate the highest common divisor of 198 and t.
22
Let y = 59 - 3. What is the greatest common divisor of y and 40?
8
Let d = 155 + -134. What is the highest common factor of d and 112?
7
Let z be (8/(-10))/((-76)/13110). Calculate the highest common factor of 322 and z.
46
Let r be (-10)/(-6) + (-7)/(-21). Suppose 0 = 5*l + 3*i - i - 11, -4*l = -2*i + r. Calculate the highest common factor of l and 9.
1
Suppose 7*t - 358 + 71 = 0. What is the greatest common factor of t and 697?
41
Let w = 325 + -150. Let v be (54/15)/(7/w). Calculate the highest common factor of 9 and v.
9
Let v(h) = 8*h**3 + h**2 - h - 1. Suppose 4*y + 4*j = 19 + 5, 0 = -4*y - 3*j + 20. Let z be v(y). What is the highest common factor of 13 and z?
13
Let x be (0 - 2*-4) + -2. Suppose -28*c = 87 - 171. What is the highest common divisor of x and c?
3
Suppose 4*f + 4*j - 2*j - 6 = 0, 3*f + j - 5 = 0. Suppose -4*s = -5*m - 28, 4520*m + 16 = 4516*m. Calculate the highest common divisor of f and s.
2
Let k(p) = p**3 + 9*p**2 - 12*p - 3. Let r be k(-10). Let t = r + -8. Suppose -4*w = -t*w + 15. Calculate the highest common divisor of 24 and w.
3
Suppose -3*q - 5*c = -52, -2*q + 40 = 3*q - c. Let w(d) = -d - 1. Let i be w(2). Let p = q - i. Calculate the greatest common divisor of p and 96.
12
Suppose 28*d - 37*d + 3627 = 0. What is the highest common factor of d and 13?
13
Let h be (3/6)/((-2)/24). Let j = -1 - h. Let y = 97 - 52. What is the highest common factor of y and j?
5
Let i be (1389/5)/3 + (-18)/30. Calculate the highest common divisor of 23 and i.
23
Suppose -17*b = -1951 + 336. What is the greatest common divisor of b and 5?
5
Suppose -19 = -4*i + 21. Suppose 0*z - 2*z + i = 0. Suppose 0 = -3*j + h + 59, 4*h = z*j + 6*h - 80. What is the greatest common divisor of 90 and j?
18
Let b(n) = 64*n**2 - 9*n - 10. Let x be b(-1). Suppose -195 = -4*h - x. Calculate the greatest common factor of 3 and h.
3
Let k = -78 + 78. Suppose k = z + 8 - 20. What is the highest common divisor of z and 8?
4
Suppose -300 = -16*h + 12*h - 4*x, -2*h + 5*x = -171. Suppose 4*i - 144 = -n, 81 = 5*i - 4*n - h. Calculate the highest common divisor of i and 5.
5
Suppose -f - 1 = -0*f, 4*a + 11 = 5*f. Let l be 3*a*-1*(-13)/(-3). What is the highest common factor of l and 4?
4
Let z(o) = 3*o**2 - 14*o - 5. Let g be z(-4). Calculate the greatest common divisor of 36 and g.
9
Let p(l) = -26*l - 402. Let g be p(-42). What is the highest common factor of 30 and g?
30
Suppose 7*s - 18 = -4. Suppose 2*j + s*l - 242 = l, j = -2*l + 124. What is the greatest common factor of j and 48?
24
Let z = 503 - 351. Suppose 0*y = 2*y - 60. Let n = y + -11. What is the greatest common divisor of z and n?
19
Let b(x) = 25*x - 835. Let l be b(37). Calculate the highest common divisor of l and 80.
10
Let c be 2 + ((-84)/(-15))/((-4)/(-10)). What is the highest common divisor of c and 40?
8
Let x be 126/7 + -10 + 2. What is the highest common divisor of x and 2320?
10
Let q = 109 + -25. Calculate the greatest common divisor of q and 24.
12
Let p be 12*(-10)/(-8) + -2. What is the greatest common factor of p and 1703?
13
Let g = 20 - 19. Let y be (-70)/(-21)*(-9)/(-2). Let a be y/(-6)*4/(-10). What is the greatest common factor of g and a?
1
Let q = -33 + 37. Let v(x) = 2*x - 4. Let t be v(6). Suppose 0 = 2*a - 72 - t. What is the highest common divisor of a and q?
4
Let c(n) = -n**3 - 8*n**2 - 6*n - 30. Let k be c(-8). What is the highest common divisor of 126 and k?
18
Let l = 10 - 12. Let h be l/4*(5 - 13). Suppose -5*x = h*n - 35 - 16, 0 = -4*x + 12. What is the highest common factor of 81 and n?
9
Suppose 9*d - 31 = -4. Suppose 4 = 5*y - 11. What is the highest common factor of d and y?
3
Suppose 0 = -5*l - 4*d + 72, 4*l - 2*d - 59 = -17. Calculate the greatest common divisor of 228 and l.
12
Suppose 6*l = 4*n + 2*l + 24, 2*l = -n - 3. Let w be 3 + -1 + 311 + n. What is the greatest common factor of 44 and w?
44
Let y(p) = -2*p**2 - 2*p - 5. Let t(g) = -2*g**2 - g - 4. Let z(s) = -6*t(s) + 5*y(s). Let r be z(3). Calculate the greatest common factor of 5 and r.
5
Suppose -45*q + 138 + 222 = 0. Calculate the highest common divisor of 128 and q.
8
Let u be ((-7)/4)/(1/(-4)). Let o be -6*(-4 + u/(-2)). What is the greatest common divisor of 15 and o?
15
Suppose -15*b = -13*b. Suppose -u + 4*u - 6 = b. Suppose 3*y = u*a + 162, -3*y + 3*a + 165 = 2*a. Calculate the highest common divisor of 7 and y.
7
Suppose -4*k + 76 = -4*v, -6*k - 5*v + 94 = -2*k. Suppose 232 = 2*g + 22. Calculate the greatest common divisor of k and g.
21
Suppose -4*m + 18 = -6. Suppose -m = -2*q + q. Calculate the greatest common factor of q and 30.
6
Let a = 35 - 23. Suppose 0 = z + 2, 2*k - 2*z = -3*k + 304. Calculate the greatest common divisor of k and a.
12
Suppose -2*o = -2*l, -7 = -5*o + l + 9. Let x be o/14 + 2388/21. What is the highest common divisor of x and 38?
38
Suppose 40 = 3*d + l, 2 = 3*l - 1. Let v be 2/(-5) - 20034/(-35). Suppose -5*c = -9*c + v. Calculate the highest common divisor of c and d.
13
Let j(x) = -4*x + 44. Let d be j(-7). What is the highest common divisor of 954 and d?
18
Let d be 12 + (2 - (-86 + 1)). Calculate the highest common factor of 1023 and d.
33
Suppose -o + 67 = -120. What is the highest common divisor of o and 17?
17
Suppose -2*r + 1 = -4*w + 39, -2*r = 5*w - 61. Suppose -q = -w + 2. Calculate the greatest common divisor of q and 6.
3
Let k(p) = 17*p - 25. Let r(s) = -4*s + 6. Let v(b) = 6*k(b) + 26*r(b). Let j be v(-5). Let w be (1/3)/(1/6). Calculate the greatest common factor of w and j.
2
Let o be (4640/203 - (-1)/7) + -1. Let j be ((-66)/(-10))/((-6)/(-60)). Calculate the highest common factor of j and o.
22
Suppose 5*l = -0*l + 15. Suppose -l*f + 3 = -2*f. Let a be f*(3 - (-3 + 1)). What is the greatest common factor of a and 60?
15
Let f = -48 + -2. Let n = f + 68. Calculate the greatest common factor of 12 and n.
6
Suppose -3*k = 5*q - 39, -k - q + 6 = -7. What is the greatest common divisor of k and 208?
13
Let n(b) be the first derivative of -31*b**2 - 2*b + 13. Let r be n(-1). Calculate the greatest common divisor of r and 20.
20
Suppose 3*x = -4*b + 43, 3*b - 96 = -5*x - 39. Let v = -15 - -17. Suppose -v = 4*o - 6*o. Calculate the highest common factor of x and o.
1
Let v(p) = -103*p - 61. Let o be v(-15). Calculate the highest common factor of o and 28.
28
Suppose -6*l = -287 - 61. Suppose k - 27 = -0. Suppose -4*h = a - 32, 0 = 5*a - 5*h - k - l. Calculate the highest common divisor of 20 and a.
20
Suppose 5*x + 78 = 483. Let g be ((-54)/(-33))/(21/693). Calculate the greatest common divisor of x and g.
27
Suppose 0 = 2*f + 88 - 446. Suppose -5*g + y + f = 0, -y + 19 = 2*g - 47. What is the greatest common factor of 7 and g?
7
Suppose 2*v - 5*v = -d + 21, -5*d + 2*v + 66 = 0. What is the highest common divisor of d and 16?
4
Suppose -19 = -5*i + 6, 0 = 2*a + 2*i - 76. Suppose 5*x - 59 - 13 = u, -2*x = u - a. What is the highest common factor of x and 3?
3
Let v = -14 - -13. Let u(o) = -28*o. Let j be u(v). Let c = 43 - j. Calculate the great